 the prime factors of 4892779.
787, 6217
What are the prime factors of 1398658?
2, 17, 31, 1327
List the prime factors of 3326061.
3, 911, 1217
What are the prime factors of 1583815?
5, 173, 1831
List the prime factors of 289126.
2, 144563
List the prime factors of 46996.
2, 31, 379
What are the prime factors of 382994?
2, 191497
List the prime factors of 223924.
2, 17, 37, 89
List the prime factors of 12646464.
2, 3, 65867
List the prime factors of 149090.
2, 5, 17, 877
What are the prime factors of 3207535?
5, 59, 83, 131
What are the prime factors of 254646?
2, 3, 7, 43, 47
What are the prime factors of 25692?
2, 3, 2141
What are the prime factors of 844114?
2, 422057
List the prime factors of 156479.
167, 937
List the prime factors of 106300.
2, 5, 1063
What are the prime factors of 4217435?
5, 843487
List the prime factors of 376141.
47, 53, 151
List the prime factors of 405773.
17, 23869
List the prime factors of 60712.
2, 7589
List the prime factors of 17131156.
2, 7, 611827
What are the prime factors of 21276892?
2, 7, 13, 58453
What are the prime factors of 234817?
11, 21347
What are the prime factors of 1113010?
2, 5, 111301
What are the prime factors of 352410?
2, 3, 5, 17, 691
List the prime factors of 8327601.
3, 47, 19687
List the prime factors of 4681809.
3, 11, 19, 131
List the prime factors of 3759.
3, 7, 179
What are the prime factors of 247228?
2, 19, 3253
What are the prime factors of 272249?
272249
What are the prime factors of 15224997?
3, 5074999
List the prime factors of 694101.
3, 231367
What are the prime factors of 8902?
2, 4451
What are the prime factors of 384230?
2, 5, 7, 11, 499
What are the prime factors of 915074?
2, 113, 4049
What are the prime factors of 145189?
11, 67, 197
List the prime factors of 22382775.
3, 5, 31, 3209
List the prime factors of 447564.
2, 3, 13, 19, 151
What are the prime factors of 917461?
917461
List the prime factors of 247162.
2, 123581
What are the prime factors of 18640301?
29, 642769
What are the prime factors of 6842296?
2, 17, 50311
List the prime factors of 12659580.
2, 3, 5, 53, 1327
List the prime factors of 1456739.
1456739
What are the prime factors of 13838?
2, 11, 17, 37
What are the prime factors of 26882884?
2, 7, 29, 33107
List the prime factors of 7730591.
11, 41, 61, 281
What are the prime factors of 15937008?
2, 3, 29, 107
List the prime factors of 195584.
2, 191
List the prime factors of 86217.
3, 29, 991
What are the prime factors of 189402?
2, 3, 31567
What are the prime factors of 38819?
11, 3529
What are the prime factors of 1705714?
2, 852857
What are the prime factors of 253325?
5, 10133
What are the prime factors of 106683?
3, 43, 827
What are the prime factors of 1951735?
5, 390347
List the prime factors of 12742.
2, 23, 277
What are the prime factors of 8510686?
2, 1249, 3407
What are the prime factors of 73316?
2, 18329
List the prime factors of 13896077.
13, 151, 7079
List the prime factors of 34408635.
3, 5, 41, 55949
What are the prime factors of 4694205?
3, 5, 373, 839
What are the prime factors of 8864485?
5, 7, 233, 1087
List the prime factors of 375338.
2, 187669
What are the prime factors of 724014?
2, 3, 19, 29, 73
List the prime factors of 52159.
43, 1213
What are the prime factors of 14046796?
2, 47, 74717
What are the prime factors of 710433?
3, 193, 409
What are the prime factors of 1352979?
3, 17, 37, 239
List the prime factors of 1887533.
233, 8101
List the prime factors of 5882882.
2, 29, 101429
List the prime factors of 412043.
631, 653
List the prime factors of 1492361.
13, 114797
List the prime factors of 562480.
2, 5, 79, 89
What are the prime factors of 32053396?
2, 37, 216577
What are the prime factors of 164607?
3, 54869
What are the prime factors of 1331023?
1331023
List the prime factors of 445997.
31, 14387
List the prime factors of 166987.
166987
What are the prime factors of 683405?
5, 103, 1327
What are the prime factors of 1192862?
2, 11, 59, 919
List the prime factors of 7068037.
113, 62549
List the prime factors of 1849029.
3, 7, 13, 521
What are the prime factors of 8034?
2, 3, 13, 103
List the prime factors of 1675448.
2, 209431
What are the prime factors of 22342112?
2, 13, 43, 1249
List the prime factors of 1695517.
277, 6121
List the prime factors of 38127379.
17, 61, 36767
List the prime factors of 4928.
2, 7, 11
What are the prime factors of 2779023?
3, 13, 71257
List the prime factors of 1642194.
2, 3, 31, 109
List the prime factors of 418582.
2, 47, 61, 73
List the prime factors of 1814236.
2, 453559
List the prime factors of 345828.
2, 3, 7, 23, 179
List the prime factors of 581536.
2, 17, 1069
What are the prime factors of 430850?
2, 5, 7, 1231
What are the prime factors of 13123639?
23, 523, 1091
What are the prime factors of 17184?
2, 3, 179
What are the prime factors of 1556206?
2, 151, 5153
What are the prime factors of 117641?
47, 2503
What are the prime factors of 28373485?
5, 7, 810671
What are the prime factors of 1361582?
2, 31, 21961
What are the prime factors of 3964641?
3, 173, 7639
What are the prime factors of 3420193?
7, 359, 1361
What are the prime factors of 49570?
2, 5, 4957
What are the prime factors of 321935?
5, 31, 67
List the prime factors of 467903.
467903
List the prime factors of 6231588.
2, 3, 11, 17, 2777
What are the prime factors of 454528?
2, 53, 67
List the prime factors of 33164.
2, 8291
List the prime factors of 20973774.
2, 3, 271, 12899
List the prime factors of 303710.
2, 5, 11, 251
What are the prime factors of 957235?
5, 191447
What are the prime factors of 17476101?
3, 647263
List the prime factors of 549997.
7, 78571
List the prime factors of 534922.
2, 17, 15733
What are the prime factors of 313708?
2, 78427
What are the prime factors of 14986410?
2, 3, 5, 109, 4583
List the prime factors of 37745909.
179, 433, 487
List the prime factors of 1534136.
2, 19, 10093
List the prime factors of 1512794.
2, 439, 1723
List the prime factors of 18665860.
2, 5, 933293
List the prime factors of 3454582.
2, 1727291
What are the prime factors of 532166?
2, 266083
What are the prime factors of 1056855?
3, 5, 70457
What are the prime factors of 1620093?
3, 653, 827
List the prime factors of 1145934.
2, 3, 21221
List the prime factors of 7656183.
3, 19, 44773
What are the prime factors of 10565?
5, 2113
List the prime factors of 200468.
2, 23, 2179
List the prime factors of 972936.
2, 3, 13513
List the prime factors of 221618.
2, 29, 3821
What are the prime factors of 5412443?
17, 181, 1759
List the prime factors of 526518.
2, 3, 29251
List the prime factors of 548544.
2, 3, 2857
What are the prime factors of 317194?
2, 158597
List the prime factors of 8967471.
3, 233, 12829
What are the prime factors of 2206996?
2, 11, 50159
What are the prime factors of 2704431?
3, 53, 73, 233
What are the prime factors of 3038206?
2, 17, 193, 463
List the prime factors of 12873361.
29, 443909
What are the prime factors of 3564138?
2, 3, 594023
List the prime factors of 381985.
5, 241, 317
What are the prime factors of 1722785?
5, 47, 7331
List the prime factors of 1127942.
2, 563971
What are the prime factors of 2841014?
2, 11, 29, 61, 73
List the prime factors of 209029.
209029
List the prime factors of 638804.
2, 159701
List the prime factors of 8324695.
5, 509, 3271
What are the prime factors of 478036?
2, 13, 29, 317
List the prime factors of 1408881.
3, 469627
What are the prime factors of 702116?
2, 191, 919
What are the prime factors of 157159?
23, 6833
List the prime factors of 304596.
2, 3, 8461
What are the prime factors of 3292440?
2, 3, 5, 27437
List the prime factors of 1127348.
2, 281837
List the prime factors of 6498216.
2, 3, 17, 5309
List the prime factors of 1640850.
2, 3, 5, 10939
List the prime factors of 199592.
2, 61, 409
List the prime factors of 968137.
968137
What are the prime factors of 14640544?
2, 457517
What are the prime factors of 381?
3, 127
List the prime factors of 53431.
7, 17, 449
List the prime factors of 17729264.
2, 7, 59, 2683
What are the prime factors of 615148?
2, 29, 5303
What are the prime factors of 480674?
2, 149, 1613
What are the prime factors of 420701?
31, 41, 331
List the prime factors of 19471747.
19471747
List the prime factors of 121773.
3, 4